2130418.
2, 3, 107, 42643
What are the prime factors of 56642735?
5, 31, 71, 5147
List the prime factors of 48054071.
13, 397, 9311
List the prime factors of 20350176.
2, 3, 7, 11, 2753
List the prime factors of 21115154.
2, 31, 97, 3511
What are the prime factors of 1885769223?
3, 13, 48353057
What are the prime factors of 355495071?
3, 167, 313, 2267
What are the prime factors of 34885977?
3, 7, 1661237
List the prime factors of 54031909.
61, 885769
List the prime factors of 148063917.
3, 433, 113983
List the prime factors of 4198176255.
3, 5, 7, 13, 19, 161873
What are the prime factors of 274237532?
2, 31, 2211593
List the prime factors of 5639774642.
2, 61, 1499, 30839
List the prime factors of 4993778181.
3, 7, 237798961
What are the prime factors of 63299900?
2, 5, 41, 15439
What are the prime factors of 635673183?
3, 211891061
What are the prime factors of 5705744?
2, 11, 17, 1907
What are the prime factors of 21817014?
2, 3, 3636169
List the prime factors of 42456377.
29, 331, 4423
What are the prime factors of 372056997?
3, 13, 9539923
What are the prime factors of 1349418042?
2, 3, 7, 353, 3371
List the prime factors of 143751008.
2, 881, 5099
List the prime factors of 1171127003.
1171127003
What are the prime factors of 1507372360?
2, 5, 13, 2898793
What are the prime factors of 694614150?
2, 3, 5, 514529
List the prime factors of 440129970.
2, 3, 5, 7, 59, 3947
What are the prime factors of 52353112?
2, 7, 47, 19891
List the prime factors of 17392051.
17392051
What are the prime factors of 35132891?
23, 29, 52673
What are the prime factors of 488019450?
2, 3, 5, 3253463
What are the prime factors of 1860829095?
3, 5, 17, 31, 61, 227
List the prime factors of 23494478.
2, 7, 83, 20219
List the prime factors of 290600165.
5, 58120033
What are the prime factors of 2243529160?
2, 5, 101, 557, 997
What are the prime factors of 443562?
2, 3, 7, 59, 179
What are the prime factors of 7360468?
2, 1840117
List the prime factors of 104314241.
104314241
List the prime factors of 204740730.
2, 3, 5, 758299
List the prime factors of 5664727.
73, 1063
List the prime factors of 1026521596.
2, 53, 4842083
What are the prime factors of 21276326?
2, 157, 67759
List the prime factors of 28288023.
3, 43, 103, 2129
What are the prime factors of 223589518?
2, 111794759
What are the prime factors of 295836789?
3, 98612263
What are the prime factors of 119577012?
2, 3, 179, 311
List the prime factors of 56026186.
2, 17, 73, 22573
What are the prime factors of 50131105?
5, 107, 93703
List the prime factors of 45347301.
3, 1579, 3191
List the prime factors of 3385094633.
43, 173, 455047
What are the prime factors of 493678022?
2, 157, 433, 3631
What are the prime factors of 44687919?
3, 23, 647651
List the prime factors of 5718247.
97, 167, 353
What are the prime factors of 1062922434?
2, 3, 7, 19, 373, 3571
List the prime factors of 177106041.
3, 7, 263, 509
What are the prime factors of 346894852?
2, 86723713
List the prime factors of 1802069695.
5, 53, 1489, 4567
List the prime factors of 19377342.
2, 3, 1076519
List the prime factors of 26830869.
3, 13, 19, 36209
List the prime factors of 148241660.
2, 5, 7, 331, 457
List the prime factors of 37670793.
3, 17, 738643
List the prime factors of 13558365.
3, 5, 503, 599
List the prime factors of 2266950476.
2, 7, 17, 4762501
What are the prime factors of 239078335?
5, 47815667
What are the prime factors of 3488081?
683, 5107
What are the prime factors of 14398170?
2, 3, 5, 479939
List the prime factors of 921740025.
3, 5, 719, 17093
List the prime factors of 262794295.
5, 52558859
List the prime factors of 34579544.
2, 19, 227497
List the prime factors of 58161296.
2, 23, 158047
List the prime factors of 3894377205.
3, 5, 259625147
List the prime factors of 491298330.
2, 3, 5, 541, 30271
What are the prime factors of 1669717735?
5, 7, 43, 653, 1699
List the prime factors of 38010346.
2, 11, 1727743
What are the prime factors of 662671381?
662671381
List the prime factors of 2499835139.
4937, 506347
What are the prime factors of 716691984?
2, 3, 17, 878299
List the prime factors of 28908301.
617, 46853
List the prime factors of 1343853453.
3, 23, 89, 218833
List the prime factors of 215308733.
31, 79, 87917
List the prime factors of 1731165253.
167, 10366259
What are the prime factors of 1439546898?
2, 3, 239924483
List the prime factors of 999347251.
7, 59, 919, 2633
What are the prime factors of 55306703?
55306703
List the prime factors of 173913221.
263, 661267
List the prime factors of 439364237.
13, 4357, 7757
List the prime factors of 938255258.
2, 469127629
What are the prime factors of 37902112?
2, 17, 19, 193
What are the prime factors of 7260944?
2, 31, 14639
List the prime factors of 51188331.
3, 17062777
What are the prime factors of 1472219952?
2, 3, 7, 4381607
List the prime factors of 4010823431.
31, 129381401
List the prime factors of 25039356.
2, 3, 41, 50893
List the prime factors of 34612982.
2, 37, 467743
List the prime factors of 682205718.
2, 3, 53, 83, 25847
What are the prime factors of 650641264?
2, 7, 13, 89, 5021
What are the prime factors of 138287200?
2, 5, 172859
List the prime factors of 1076959600.
2, 5, 79, 173, 197
What are the prime factors of 227473915?
5, 199, 228617
What are the prime factors of 103646?
2, 29, 1787
What are the prime factors of 899625662?
2, 13, 191, 181157
What are the prime factors of 824604361?
7, 117800623
What are the prime factors of 3978035670?
2, 3, 5, 7, 89, 212843
List the prime factors of 1742418682.
2, 23, 89, 425603
List the prime factors of 1127156390.
2, 5, 8819, 12781
List the prime factors of 2400990853.
479, 5012507
List the prime factors of 3390802.
2, 1695401
List the prime factors of 2432789839.
197, 419, 29473
List the prime factors of 4268306734.
2, 31, 68843657
What are the prime factors of 336412708?
2, 19, 41, 107, 1009
List the prime factors of 3216643.
19, 79, 2143
List the prime factors of 287253517.
137, 2096741
What are the prime factors of 97065?
3, 5, 719
List the prime factors of 104300923.
1811, 57593
List the prime factors of 83637138.
2, 3, 13, 197, 5443
What are the prime factors of 179468778?
2, 3, 29911463
What are the prime factors of 188381237?
11, 43, 61, 6529
List the prime factors of 3099355271.
23, 41, 3286697
List the prime factors of 3355394096.
2, 269, 779599
List the prime factors of 963997337.
53, 18188629
List the prime factors of 622757760.
2, 3, 5, 31, 10463
What are the prime factors of 168359285?
5, 19, 449, 3947
List the prime factors of 5217251292.
2, 3, 11, 59, 223303
List the prime factors of 134645779.
134645779
List the prime factors of 5147402169.
3, 7, 13, 569, 2549
What are the prime factors of 1415335329?
3, 557, 94111
List the prime factors of 37162981.
37162981
What are the prime factors of 13189049?
13189049
What are the prime factors of 44275746?
2, 3, 7379291
List the prime factors of 48491591.
19, 1367, 1867
List the prime factors of 64724802.
2, 3, 97, 111211
What are the prime factors of 647130146?
2, 13, 31, 499, 1609
List the prime factors of 936342964.
2, 234085741
List the prime factors of 6630192.
2, 3, 41, 1123
List the prime factors of 25485313.
7, 41, 88799
List the prime factors of 6735818936.
2, 7, 11, 43, 109, 2333
List the prime factors of 52957531.
11, 4814321
List the prime factors of 93449962.
2, 46724981
List the prime factors of 1268615557.
11, 223, 517169
What are the prime factors of 4109886580?
2, 5, 19, 131, 82561
List the prime factors of 2019894187.
31, 2101867
What are the prime factors of 1935286336?
2, 593, 50993
What are the prime factors of 812092202?
2, 406046101
List the prime factors of 2222970080.
2, 5, 3253, 4271
What are the prime factors of 461239483?
31, 61, 149, 1637
What are the prime factors of 1822225254?
2, 3, 303704209
List the prime factors of 384941964.
2, 3, 11, 61, 47807
List the prime factors of 725741319.
3, 5167, 46819
List the prime factors of 811895185.
5, 1097, 148021
What are the prime factors of 799984501?
799984501
List the prime factors of 12880348.
2, 13, 67, 3697
List the prime factors of 5245866915.
3, 5, 43, 8133127
What are the prime factors of 66543421?
7, 1358029
What are the prime factors of 2507583875?
5, 67, 227